{"id":22,"date":"2021-05-13T06:09:39","date_gmt":"2021-05-13T06:09:39","guid":{"rendered":"http:\/\/mickiewicz-slowacki.skar.pl\/index.php\/home\/"},"modified":"2021-06-02T10:14:12","modified_gmt":"2021-06-02T10:14:12","slug":"home","status":"publish","type":"page","link":"https:\/\/mickiewicz-slowacki.skar.pl\/","title":{"rendered":"T\u0142umacz j\u0119zyka s\u0142owackiego"},"content":{"rendered":"","protected":false},"excerpt":{"rendered":"","protected":false},"author":1,"featured_media":0,"parent":0,"menu_order":0,"comment_status":"closed","ping_status":"closed","template":"template-homepage.php","meta":[],"yoast_head":"<!-- This site is optimized with the Yoast SEO plugin v16.4 - https:\/\/yoast.com\/wordpress\/plugins\/seo\/ -->\n<title>T\u0142umacz j\u0119zyka s\u0142owackiego &ndash; Agata Mickiewicz<\/title>\n<meta name=\"description\" content=\"PL&gt;SK&gt;PL \u2013 w tej kombinacji wykonuj\u0119 t\u0142umaczenia pisemne tekst\u00f3w zwyk\u0142ych i specjalistycznych prawniczych, technicznych (kolejnictwo, energetyka, karty charakterystyki [SDS], \u015bwiadectwa zgodno\u015bci WE), tekst\u00f3w marketingowych, ale r\u00f3wnie\u017c dokumentacji medycznej, dokumentacji projektowej w ramach wsp\u00f3\u0142pracy transgranicznej PL-SK, etc. Posiadam do\u015bwiadczenie w zakresie obs\u0142ugi marketingowej\/kontakt\u00f3w biznesowych polskich firm, kt\u00f3re pragn\u0105 wej\u015b\u0107, b\u0105d\u017a ju\u017c dzia\u0142aj\u0105 na rynku s\u0142owackim. W tej samej kombinacji (PL&gt;SK&gt;PL) realizuj\u0119 r\u00f3wnie\u017c t\u0142umaczenia ustne. Ponadto realizuj\u0119 t\u0142umaczenia ustne (konsekutywne i symultaniczne). Ponadto realizuj\u0119 r\u00f3wnie\u017c zlecenia t\u0142umacze\u0144 pisemnych w kombinacjach j\u0119zykowych CS&gt;PL oraz EN&gt;SK.\" \/>\n<meta name=\"robots\" content=\"index, follow, max-snippet:-1, max-image-preview:large, max-video-preview:-1\" \/>\n<link rel=\"canonical\" href=\"https:\/\/mickiewicz-slowacki.skar.pl\/\" \/>\n<meta property=\"og:locale\" content=\"pl_PL\" \/>\n<meta property=\"og:type\" content=\"article\" \/>\n<meta property=\"og:title\" content=\"T\u0142umacz j\u0119zyka s\u0142owackiego &ndash; Agata Mickiewicz\" \/>\n<meta property=\"og:description\" content=\"PL&gt;SK&gt;PL \u2013 w tej kombinacji wykonuj\u0119 t\u0142umaczenia pisemne tekst\u00f3w zwyk\u0142ych i specjalistycznych prawniczych, technicznych (kolejnictwo, energetyka, karty charakterystyki [SDS], \u015bwiadectwa zgodno\u015bci WE), tekst\u00f3w marketingowych, ale r\u00f3wnie\u017c dokumentacji medycznej, dokumentacji projektowej w ramach wsp\u00f3\u0142pracy transgranicznej PL-SK, etc. Posiadam do\u015bwiadczenie w zakresie obs\u0142ugi marketingowej\/kontakt\u00f3w biznesowych polskich firm, kt\u00f3re pragn\u0105 wej\u015b\u0107, b\u0105d\u017a ju\u017c dzia\u0142aj\u0105 na rynku s\u0142owackim. W tej samej kombinacji (PL&gt;SK&gt;PL) realizuj\u0119 r\u00f3wnie\u017c t\u0142umaczenia ustne. Ponadto realizuj\u0119 t\u0142umaczenia ustne (konsekutywne i symultaniczne). Ponadto realizuj\u0119 r\u00f3wnie\u017c zlecenia t\u0142umacze\u0144 pisemnych w kombinacjach j\u0119zykowych CS&gt;PL oraz EN&gt;SK.\" \/>\n<meta property=\"og:url\" content=\"https:\/\/mickiewicz-slowacki.skar.pl\/\" \/>\n<meta property=\"og:site_name\" content=\"Agata Mickiewicz\" \/>\n<meta property=\"article:modified_time\" content=\"2021-06-02T10:14:12+00:00\" \/>\n<meta name=\"twitter:card\" content=\"summary_large_image\" \/>\n<script type=\"application\/ld+json\" class=\"yoast-schema-graph\">{\"@context\":\"https:\/\/schema.org\",\"@graph\":[{\"@type\":[\"Person\",\"Organization\"],\"@id\":\"https:\/\/mickiewicz-slowacki.skar.pl\/#\/schema\/person\/97cac6c542a797c28a50671841ac00e6\",\"name\":\"Master\",\"image\":{\"@type\":\"ImageObject\",\"@id\":\"https:\/\/mickiewicz-slowacki.skar.pl\/#personlogo\",\"inLanguage\":\"pl-PL\",\"url\":\"https:\/\/secure.gravatar.com\/avatar\/7cfa2bbac3d25a0710d7bbf51889f53e?s=96&d=mm&r=g\",\"contentUrl\":\"https:\/\/secure.gravatar.com\/avatar\/7cfa2bbac3d25a0710d7bbf51889f53e?s=96&d=mm&r=g\",\"caption\":\"Master\"},\"logo\":{\"@id\":\"https:\/\/mickiewicz-slowacki.skar.pl\/#personlogo\"},\"sameAs\":[\"http:\/\/mickiewicz-slowacki.skar.pl\"]},{\"@type\":\"WebSite\",\"@id\":\"https:\/\/mickiewicz-slowacki.skar.pl\/#website\",\"url\":\"https:\/\/mickiewicz-slowacki.skar.pl\/\",\"name\":\"Agata Mickiewicz T\\u0142umacz j\\u0119zyka s\\u0142owackiego\",\"description\":\"T\\u0142umacz przysi\\u0119g\\u0142y j\\u0119zyka s\\u0142owackiego\",\"publisher\":{\"@id\":\"https:\/\/mickiewicz-slowacki.skar.pl\/#\/schema\/person\/97cac6c542a797c28a50671841ac00e6\"},\"potentialAction\":[{\"@type\":\"SearchAction\",\"target\":\"https:\/\/mickiewicz-slowacki.skar.pl\/?s={search_term_string}\",\"query-input\":\"required name=search_term_string\"}],\"inLanguage\":\"pl-PL\"},{\"@type\":\"WebPage\",\"@id\":\"https:\/\/mickiewicz-slowacki.skar.pl\/#webpage\",\"url\":\"https:\/\/mickiewicz-slowacki.skar.pl\/\",\"name\":\"T\\u0142umacz j\\u0119zyka s\\u0142owackiego &ndash; Agata Mickiewicz\",\"isPartOf\":{\"@id\":\"https:\/\/mickiewicz-slowacki.skar.pl\/#website\"},\"datePublished\":\"2021-05-13T06:09:39+00:00\",\"dateModified\":\"2021-06-02T10:14:12+00:00\",\"description\":\"PL>SK>PL \\u2013 w tej kombinacji wykonuj\\u0119 t\\u0142umaczenia pisemne tekst\\u00f3w zwyk\\u0142ych i specjalistycznych prawniczych, technicznych (kolejnictwo, energetyka, karty charakterystyki [SDS], \\u015bwiadectwa zgodno\\u015bci WE), tekst\\u00f3w marketingowych, ale r\\u00f3wnie\\u017c dokumentacji medycznej, dokumentacji projektowej w ramach wsp\\u00f3\\u0142pracy transgranicznej PL-SK, etc. Posiadam do\\u015bwiadczenie w zakresie obs\\u0142ugi marketingowej\/kontakt\\u00f3w biznesowych polskich firm, kt\\u00f3re pragn\\u0105 wej\\u015b\\u0107, b\\u0105d\\u017a ju\\u017c dzia\\u0142aj\\u0105 na rynku s\\u0142owackim. W tej samej kombinacji (PL>SK>PL) realizuj\\u0119 r\\u00f3wnie\\u017c t\\u0142umaczenia ustne. Ponadto realizuj\\u0119 t\\u0142umaczenia ustne (konsekutywne i symultaniczne). Ponadto realizuj\\u0119 r\\u00f3wnie\\u017c zlecenia t\\u0142umacze\\u0144 pisemnych w kombinacjach j\\u0119zykowych CS>PL oraz EN>SK.\",\"breadcrumb\":{\"@id\":\"https:\/\/mickiewicz-slowacki.skar.pl\/#breadcrumb\"},\"inLanguage\":\"pl-PL\",\"potentialAction\":[{\"@type\":\"ReadAction\",\"target\":[\"https:\/\/mickiewicz-slowacki.skar.pl\/\"]}]},{\"@type\":\"BreadcrumbList\",\"@id\":\"https:\/\/mickiewicz-slowacki.skar.pl\/#breadcrumb\",\"itemListElement\":[{\"@type\":\"ListItem\",\"position\":1,\"item\":{\"@type\":\"WebPage\",\"@id\":\"https:\/\/mickiewicz-slowacki.skar.pl\/\",\"url\":\"https:\/\/mickiewicz-slowacki.skar.pl\/\",\"name\":\"Strona g\\u0142\\u00f3wna\"}},{\"@type\":\"ListItem\",\"position\":2,\"item\":{\"@id\":\"https:\/\/mickiewicz-slowacki.skar.pl\/#webpage\"}}]}]}<\/script>\n<!-- \/ Yoast SEO plugin. -->","_links":{"self":[{"href":"https:\/\/mickiewicz-slowacki.skar.pl\/index.php\/wp-json\/wp\/v2\/pages\/22"}],"collection":[{"href":"https:\/\/mickiewicz-slowacki.skar.pl\/index.php\/wp-json\/wp\/v2\/pages"}],"about":[{"href":"https:\/\/mickiewicz-slowacki.skar.pl\/index.php\/wp-json\/wp\/v2\/types\/page"}],"author":[{"embeddable":true,"href":"https:\/\/mickiewicz-slowacki.skar.pl\/index.php\/wp-json\/wp\/v2\/users\/1"}],"replies":[{"embeddable":true,"href":"https:\/\/mickiewicz-slowacki.skar.pl\/index.php\/wp-json\/wp\/v2\/comments?post=22"}],"version-history":[{"count":2,"href":"https:\/\/mickiewicz-slowacki.skar.pl\/index.php\/wp-json\/wp\/v2\/pages\/22\/revisions"}],"predecessor-version":[{"id":155,"href":"https:\/\/mickiewicz-slowacki.skar.pl\/index.php\/wp-json\/wp\/v2\/pages\/22\/revisions\/155"}],"wp:attachment":[{"href":"https:\/\/mickiewicz-slowacki.skar.pl\/index.php\/wp-json\/wp\/v2\/media?parent=22"}],"curies":[{"name":"wp","href":"https:\/\/api.w.org\/{rel}","templated":true}]}}